f 11 and l.
11
Let o = 22 - 31. Let n(k) = -2 - k**2 - 1 - 8 + 0 - 11*k. Let w be n(o). Calculate the greatest common factor of w and 77.
7
Suppose -80 = -5*w + w. Let l be 0/(-2) + (2 - -1). Suppose i - o + 0*o - 141 = 0, -4*o - 424 = -l*i. What is the highest common divisor of w and i?
20
Suppose -205*x = -201*x - 2052. Calculate the greatest common factor of 27 and x.
27
Suppose 0 = -5*x - 4*n + 100, 5*x = 2*n + 3*n + 145. Let k = -11 - -19. What is the greatest common divisor of x and k?
8
Suppose -2*f - 3*f + 3*r = -291, -3*r - 231 = -4*f. What is the highest common divisor of 12 and f?
12
Let n = 57 + -29. Let g = -3 + 2. Let b = g + 15. What is the greatest common factor of b and n?
14
Suppose -105 = -4*p - c, 31 = -2*p + 3*p + 5*c. Calculate the greatest common factor of p and 169.
13
Let i(q) = 147*q + 12. Let t be i(2). Calculate the greatest common divisor of 18 and t.
18
Let l be (-12 - -8) + 1/1. Let f be l*2 - (-8)/4. Let c be f + 1 - (-2 - 7). Calculate the greatest common factor of 42 and c.
6
Let o = -22 - -20. Let u be (-1 - -2)/(o/(-10)). Calculate the greatest common factor of 40 and u.
5
Let v be (-3)/1*(-140)/30. Calculate the highest common factor of 959 and v.
7
Let i be (-2)/7 - 74/(-14). Suppose i*b - 254 = 211. What is the highest common divisor of b and 62?
31
Let j = -138 - -246. Let z = j + 20. Calculate the highest common divisor of z and 32.
32
Suppose 39*f - 441 = 36*f. What is the greatest common divisor of f and 63?
21
Let d(r) = 2*r + 5. Let s(j) = j**2 + 2*j. Suppose 2*c = -6 - 2. Let o be s(c). Let y be d(o). What is the greatest common divisor of y and 3?
3
Suppose 5*s + a = 1157, -s + 3*a = -0*a - 241. Suppose -29 = -i - 0*i. Calculate the greatest common divisor of i and s.
29
Let x(n) = 14*n - 6. Suppose -s - 3 = -2*s. Let h be x(s). Let b(i) = 13*i**2 - 6*i + 5. Let q be b(-5). What is the highest common factor of h and q?
36
Suppose -3*f - 2*f + 17 = -4*o, 3*f - 21 = -3*o. Suppose 3*i - 60 = o*i. Calculate the greatest common factor of i and 5.
5
Let h be (-27)/(1701/90)*-434. What is the highest common factor of h and 31?
31
Let a be 22*((-45)/(-6))/5. Suppose 0*l - 4*l - 2*v - 70 = 0, 2*l = -4*v - 20. Let t = l + a. Calculate the highest common factor of 13 and t.
13
Suppose 0 = 12*y - 41 - 175. Let w = -2 + 2. Suppose -n = 2*a - 8, w*a + 3 = a. Calculate the highest common factor of y and n.
2
Let a = 47 + -42. Let z = 40 - 24. Suppose -f + z = 2*l, -3*f + 8*f - 80 = a*l. Calculate the greatest common factor of 48 and f.
16
Let w(f) = -f**2 - f + 38. Suppose -2*t = -4*t + 2. Let b = -1 + t. Let c be w(b). What is the greatest common factor of c and 57?
19
Let w(z) = 8*z - 6. Let y be w(7). Let g = -117 + 137. Calculate the highest common factor of g and y.
10
Let f(i) be the third derivative of i**4/6 - i**3/6 - 28*i**2. Let k be f(1). Calculate the greatest common divisor of 12 and k.
3
Let d be (-3)/(27/(-12))*144. Let u = 33 - 35. Let x be ((-1)/(-1))/(u/(-48)). Calculate the highest common divisor of d and x.
24
Suppose -4*v = -5*y + 196, -y + 0*v + 16 = 5*v. Calculate the greatest common factor of y and 18.
18
Let t be 2/12 + (-1340)/(-24). Suppose -7*a + t = -3*a. Suppose -6 = -2*i - 0, z + 2*i - 13 = 0. What is the highest common factor of a and z?
7
Let j(s) = s**3 - 2*s**2 + 3*s - 2. Let f be j(2). Suppose -f*y = y - 1430. Calculate the greatest common factor of y and 26.
26
Let y(t) = 9*t**2 - 2. Let a be y(-2). Calculate the greatest common factor of a and 578.
34
Suppose l - g + 5*g = 16, 0 = l - 2*g - 10. Let t = 250 - 220. What is the highest common divisor of t and l?
6
Suppose 4*q - 2*y = 32, -9 = 2*y - 13. Calculate the highest common divisor of 36 and q.
9
Let f = 1583 + 160. What is the highest common factor of f and 21?
21
Let p(v) = -5*v + 43. Suppose -14*f + 83 = -29. Let o be p(f). What is the highest common divisor of 9 and o?
3
Let n be (27/6 - 5)*-482 + -1. What is the greatest common factor of n and 450?
30
Let r = 839 - 281. Calculate the highest common divisor of 18 and r.
18
Suppose 0 = 4*w + 4 + 8. Let d be (w + 2)/((-4)/16). Suppose -5*q - 125 = -5*y, 49 = 2*y - d*q + q. Calculate the greatest common divisor of y and 208.
26
Suppose 0 = 4*q - 5*q + 13. Let m be (3/(-4))/((-40)/4 - 10340/(-1040)). Calculate the highest common divisor of m and q.
13
Let u = -117 - -180. What is the highest common factor of 18 and u?
9
Let b(k) = -k + 18. Let i be b(11). Calculate the greatest common factor of 637 and i.
7
Let y = -31 + 43. Suppose n = c - 3*c + 177, 4*n + y = 0. What is the greatest common divisor of c and 10?
10
Let j be (189/(-45))/(5/(-2200)). Calculate the highest common divisor of j and 56.
56
Suppose 31*n + 8*n - 2730 = 0. Calculate the highest common divisor of 56 and n.
14
Suppose -4*k - 16 = 0, k - 284 = -9*x + 7*x. What is the greatest common factor of 252 and x?
36
Suppose -4*x - 4*s - 19 - 117 = 0, 8 = -2*s. Let f = 28 + x. Let k be -3*(18/1)/f. What is the greatest common divisor of 27 and k?
27
Let o = -25 - -7. Let c = o - -23. What is the highest common factor of c and 35?
5
Let v = 331 - 155. Suppose 2*s + v = 4*q, 0*s = 2*q - 3*s - 88. Calculate the highest common factor of q and 4.
4
Suppose -5*w + 5352 - 4212 = 0. Calculate the highest common factor of w and 18.
6
Let k be (-419)/(-3) - 3/(-9). Let v = -450 + 478. What is the highest common factor of k and v?
28
Suppose 5*v - f = -40, 2*f = -10 - 0. Let g = v - -6. Let n be g*(0 + (-10)/6). Calculate the highest common factor of 1 and n.
1
Let z(q) = -q**2 - 10*q - 5. Let v be z(-9). Let n be 4/(-22) - v/(-22). Suppose -6 = -n*d - 2*d. Calculate the highest common divisor of d and 15.
3
Suppose -2*c - 16 = -2*f - 4*c, 5*f + c = 44. Calculate the highest common divisor of 711 and f.
9
Let v = -17 + 97. Let c be v - (-1)/(3/(-12)). Calculate the greatest common divisor of 19 and c.
19
Let m = 236 + -56. Calculate the highest common factor of 216 and m.
36
Suppose 0 = -g + 3*z + 21, 3*z + 57 = 5*g - 0*z. Let m be 4 - ((-13)/((-65)/(-660)) - -1). What is the highest common factor of g and m?
9
Let h(b) be the second derivative of 0 + 2/3*b**3 - 1/20*b**5 + 5/12*b**4 + 0*b**2 + 10*b. Let q be h(5). Calculate the greatest common divisor of 160 and q.
20
Suppose -l - l - 2*a + 88 = 0, -5*l + 3*a = -180. Suppose 0*z + 5*j - 27 = -z, -3*z - j + l = 0. Calculate the highest common divisor of 108 and z.
12
Suppose -2*b + 11*b + 72 = 0. Let z be (-1116)/(-14) + b/(-28). What is the highest common divisor of 8 and z?
8
Let c = -338 + 399. What is the greatest common divisor of 61 and c?
61
Let b(x) = -x**3 - 4*x**2 - 4. Let f be b(-4). Let c be (4 + f)*(-1)/2. Suppose c = -m + 2*m - 10. What is the greatest common divisor of m and 40?
10
Let k(o) = -2*o**2 - 88*o + 37. Let z be k(-43). What is the highest common divisor of 205 and z?
41
Let i(g) = 23*g - 50. Let z be i(4). Suppose 5*x = -4*o + 303, 0*x - 2*o + 120 = 2*x. What is the greatest common factor of z and x?
21
Let k(l) = -3*l - 47. Let w(v) = 5*v + 70. Let f(d) = -7*k(d) - 5*w(d). Let g be f(-7). What is the greatest common factor of g and 63?
7
Let x be 45/(-125)*-5*20/3. What is the highest common factor of 42 and x?
6
Let g = -39 - -56. Let x(i) = -i**2 - 9*i + 14. Let r be x(-10). Let w be (748/(-16))/((-1)/r). Calculate the greatest common factor of g and w.
17
Let w be (8/6)/(2/15). Let d = -1852 - -1854. What is the greatest common divisor of w and d?
2
Let q(a) be the third derivative of -a**5/60 - 11*a**4/24 + a**3 - 3*a**2. Let w be q(-10). Calculate the greatest common divisor of w and 24.
8
Let c be (9 - 0)/(5/65). Let b = c + 3. Suppose -b = 3*x - 6*x. Calculate the greatest common factor of x and 10.
10
Let i(l) = -l**3 + 14*l**2 + l + 24. Let m be i(15). Let w = m + 362. What is the greatest common divisor of w and 22?
22
Suppose -36 = -5*m - 11. Suppose g + 5*b + 49 = 4*g, 70 = 4*g - 2*b. Let z be (-4)/g + 1810/45. What is the greatest common factor of m and z?
5
Suppose -25*r + 74629 + 59271 = 0. What is the highest common divisor of r and 52?
52
Suppose 0 = -9*b - 21 + 39. What is the greatest common divisor of 53 and b?
1
Let x be (-16)/12*54/4. Let u be ((-24)/x)/(2/45). Let l be u/6*(-7)/(-5). Calculate the highest common div